{"id":13,"date":"2024-06-07T10:53:04","date_gmt":"2024-06-07T08:53:04","guid":{"rendered":"https:\/\/centredesanteduvalois.fr\/?page_id=13"},"modified":"2024-06-07T14:19:37","modified_gmt":"2024-06-07T12:19:37","slug":"bienvenue-au-centre-de-sante-du-valois","status":"publish","type":"page","link":"http:\/\/centredesanteduvalois.fr\/","title":{"rendered":"Bienvenue au Centre de Sant\u00e9 du Valois !"},"content":{"rendered":"\n<figure class=\"wp-block-image size-large\"><img loading=\"lazy\" decoding=\"async\" width=\"1024\" height=\"683\" src=\"http:\/\/centredesanteduvalois.fr\/wp-content\/uploads\/2024\/06\/visuel-femmeenfant-fixe-iStock-680239054-1024x683.jpg\" alt=\"\" class=\"wp-image-5\" srcset=\"http:\/\/centredesanteduvalois.fr\/wp-content\/uploads\/2024\/06\/visuel-femmeenfant-fixe-iStock-680239054-1024x683.jpg 1024w, http:\/\/centredesanteduvalois.fr\/wp-content\/uploads\/2024\/06\/visuel-femmeenfant-fixe-iStock-680239054-300x200.jpg 300w, http:\/\/centredesanteduvalois.fr\/wp-content\/uploads\/2024\/06\/visuel-femmeenfant-fixe-iStock-680239054-768x512.jpg 768w, http:\/\/centredesanteduvalois.fr\/wp-content\/uploads\/2024\/06\/visuel-femmeenfant-fixe-iStock-680239054-1536x1025.jpg 1536w, http:\/\/centredesanteduvalois.fr\/wp-content\/uploads\/2024\/06\/visuel-femmeenfant-fixe-iStock-680239054-2048x1367.jpg 2048w\" sizes=\"auto, (max-width: 1024px) 100vw, 1024px\" \/><\/figure>\n\n\n\n<div class=\"wp-block-columns is-layout-flex wp-container-core-columns-is-layout-28f84493 wp-block-columns-is-layout-flex\">\n<div class=\"wp-block-column is-layout-flow wp-block-column-is-layout-flow\"><\/div>\n\n\n\n<div class=\"wp-block-column is-layout-flow wp-block-column-is-layout-flow\"><\/div>\n<\/div>\n\n\n\n<div class=\"wp-block-columns is-layout-flex wp-container-core-columns-is-layout-28f84493 wp-block-columns-is-layout-flex\">\n<div class=\"wp-block-column is-layout-flow wp-block-column-is-layout-flow\">\n<h2 class=\"wp-block-heading\">Prendre rendez-vous<\/h2>\n\n\n\n<p>Par t\u00e9l\u00e9phone au :<br>03 44 87 11 33&nbsp;<\/p>\n\n\n\n<p>Lundi, mardi et jeudi : 9h00 \u00e0 12h et 14h \u00e0 19h <\/p>\n\n\n\n<p>Mercredi et vendredi : 14h00 \u00e0 19h00<\/p>\n\n\n\n<p><strong>20 Avenue de Senlis 60800 Cr\u00e9py-en-Valois<\/strong><\/p>\n\n\n\n<p class=\"has-base-background-color has-background has-medium-font-size\"><\/p>\n<\/div>\n<\/div>\n\n\n\n<h2 class=\"wp-block-heading\">Planifier votre rendez-vous sur Doctolib<\/h2>\n\n\n\n<p><a href=\"https:\/\/www.doctolib.fr\/centre-de-sante\/crepy-en-valois\">Suivez le lien <\/a><\/p>\n","protected":false},"excerpt":{"rendered":"<p>Prendre rendez-vous Par t\u00e9l\u00e9phone au :03 44 87 11 33&nbsp; Lundi, mardi et jeudi : 9h00 \u00e0 12h et 14h \u00e0 19h Mercredi et vendredi : 14h00 \u00e0 19h00 20 Avenue de Senlis 60800 Cr\u00e9py-en-Valois Planifier votre rendez-vous sur Doctolib Suivez le lien<\/p>\n","protected":false},"author":1,"featured_media":0,"parent":0,"menu_order":0,"comment_status":"closed","ping_status":"closed","template":"","meta":{"footnotes":""},"class_list":["post-13","page","type-page","status-publish","hentry"],"_links":{"self":[{"href":"http:\/\/centredesanteduvalois.fr\/index.php?rest_route=\/wp\/v2\/pages\/13","targetHints":{"allow":["GET"]}}],"collection":[{"href":"http:\/\/centredesanteduvalois.fr\/index.php?rest_route=\/wp\/v2\/pages"}],"about":[{"href":"http:\/\/centredesanteduvalois.fr\/index.php?rest_route=\/wp\/v2\/types\/page"}],"author":[{"embeddable":true,"href":"http:\/\/centredesanteduvalois.fr\/index.php?rest_route=\/wp\/v2\/users\/1"}],"replies":[{"embeddable":true,"href":"http:\/\/centredesanteduvalois.fr\/index.php?rest_route=%2Fwp%2Fv2%2Fcomments&post=13"}],"version-history":[{"count":5,"href":"http:\/\/centredesanteduvalois.fr\/index.php?rest_route=\/wp\/v2\/pages\/13\/revisions"}],"predecessor-version":[{"id":28,"href":"http:\/\/centredesanteduvalois.fr\/index.php?rest_route=\/wp\/v2\/pages\/13\/revisions\/28"}],"wp:attachment":[{"href":"http:\/\/centredesanteduvalois.fr\/index.php?rest_route=%2Fwp%2Fv2%2Fmedia&parent=13"}],"curies":[{"name":"wp","href":"https:\/\/api.w.org\/{rel}","templated":true}]}}

Bienvenue au Centre de Santé du Valois !

<figure class="wp-block-image size-large"><img loading="lazy" decoding="async" width="1024" height="683" src="http://centredesanteduvalois.fr/wp-content/uploads/2024/06/visuel-femmeenfant-fixe-iStock-680239054-1024x683.jpg" alt="" class="wp-image-5" srcset="http://centredesanteduvalois.fr/wp-content/uploads/2024/06/visuel-femmeenfant-fixe-iStock-680239054-1024x683.jpg 1024w, http://centredesanteduvalois.fr/wp-content/uploads/2024/06/visuel-femmeenfant-fixe-iStock-680239054-300x200.jpg 300w, http://centredesanteduvalois.fr/wp-content/uploads/2024/06/visuel-femmeenfant-fixe-iStock-680239054-768x512.jpg 768w, http://centredesanteduvalois.fr/wp-content/uploads/2024/06/visuel-femmeenfant-fixe-iStock-680239054-1536x1025.jpg 1536w, http://centredesanteduvalois.fr/wp-content/uploads/2024/06/visuel-femmeenfant-fixe-iStock-680239054-2048x1367.jpg 2048w" sizes="auto, (max-width: 1024px) 100vw, 1024px" /></figure>



<div class="wp-block-columns is-layout-flex wp-container-core-columns-is-layout-28f84493 wp-block-columns-is-layout-flex">
<div class="wp-block-column is-layout-flow wp-block-column-is-layout-flow"></div>



<div class="wp-block-column is-layout-flow wp-block-column-is-layout-flow"></div>
</div>



<div class="wp-block-columns is-layout-flex wp-container-core-columns-is-layout-28f84493 wp-block-columns-is-layout-flex">
<div class="wp-block-column is-layout-flow wp-block-column-is-layout-flow">
<h2 class="wp-block-heading">Prendre rendez-vous</h2>



<p>Par téléphone au :<br>03 44 87 11 33&nbsp;</p>



<p>Lundi, mardi et jeudi : 9h00 à 12h et 14h à 19h </p>



<p>Mercredi et vendredi : 14h00 à 19h00</p>



<p><strong>20 Avenue de Senlis 60800 Crépy-en-Valois</strong></p>



<p class="has-base-background-color has-background has-medium-font-size"></p>
</div>
</div>



<h2 class="wp-block-heading">Planifier votre rendez-vous sur Doctolib</h2>



<p><a href="https://www.doctolib.fr/centre-de-sante/crepy-en-valois">Suivez le lien </a></p>

<p>Prendre rendez-vous Par téléphone au :03 44 87 11 33&nbsp; Lundi, mardi et jeudi : 9h00 à 12h et 14h à 19h Mercredi et vendredi : 14h00 à 19h00 20 Avenue de Senlis 60800 Crépy-en-Valois Planifier votre rendez-vous sur Doctolib Suivez le lien</p>
